culate the highest common factor of x and o.
26
Suppose -4*f + 5 + 3 = 0. Suppose -4*z + 188 = 5*g, -f*z + 154 = 4*g + 3*z. What is the highest common factor of 12 and g?
12
Let m = -15 + 26. What is the highest common divisor of 99 and m?
11
Let g(r) = 2*r**2 + 6*r - 35. Let k be g(-8). Calculate the highest common factor of 45 and k.
45
Let o(w) = 2*w**3 - w**2 + w - 4. Let b be o(3). What is the greatest common factor of 11 and b?
11
Let t(i) = i**2 + 33*i + 3. Let n be t(-33). Suppose -3*o - 11 = 5*k - 4*o, -k - 4*o - 19 = 0. Let w = k + 4. Calculate the greatest common divisor of n and w.
1
Suppose 79 = 4*w - k, 0*k - 3*k = -3*w + 48. Let s(i) = -58*i - 1. Suppose 0*z - 7*z = 28. Let a be s(z). What is the highest common factor of w and a?
21
Let c(o) = o**3 + 12*o**2 + 9. Let m be c(-12). Calculate the highest common divisor of m and 6.
3
Let m(f) = -f + 17. Let k be m(12). Suppose 2*d = k*d - 36. What is the highest common factor of d and 30?
6
Let o = 2 - -1. Suppose -308 = -5*w + o*w. Calculate the highest common divisor of w and 22.
22
Suppose 5*z = 15, -q = 3*z - 8*z + 12. Suppose v - 24 = -q*o, 8*o - 3*o = 5*v - 20. Suppose -4*l + v*l - 5 = 0. What is the highest common factor of 9 and l?
1
Suppose 5*v + 2*b + 2*b - 657 = 0, 4*b = -4*v + 524. Calculate the highest common factor of 19 and v.
19
Let r = -1 - -6. Suppose r*w - t - 24 = -4*t, 0 = w - t. Suppose 58*m = 70*m - 108. What is the highest common factor of m and w?
3
Suppose 2*k + 5 = 37. What is the greatest common factor of k and 2?
2
Let n = 137 + -82. Let z(b) = b**3 + 3*b**2 - 4*b - 1. Let f be z(-3). What is the highest common divisor of f and n?
11
Let s = 6 - 18. Let u be (s - -82)/(1 + 0). What is the greatest common divisor of u and 14?
14
Let h be -2*(2070/4)/(-9). Calculate the greatest common factor of h and 23.
23
Let b be (-8)/6*(0 + -6). Let y be 0 + -3 + 1 + 0. Let k(s) = 7*s**2 + 2*s. Let d be k(y). Calculate the highest common divisor of b and d.
8
Let y(k) = -k**3 + 3*k**2 + 4*k - 2. Let d be y(4). Let z be (-165)/(-20) - d/(-8). Let p be 2/(-3)*(-1 - z). Calculate the highest common factor of 48 and p.
6
Let f = 7 - 5. Suppose 0 = -5*q + 3*l - f*l + 21, 0 = -l - 1. Suppose k + 40 = -c + 2*c, 0 = 3*c + q*k - 85. What is the highest common divisor of 7 and c?
7
Let b = -10 - -31. Suppose 5*n + 3*j - 10 = 0, 1 = 2*n + 5*j - 3. Suppose -n*g = -5*g + b. Calculate the highest common divisor of g and 63.
7
Let p = -11 - -96. Let i = -213 + 349. Suppose -3*y - y = -i. Calculate the greatest common factor of p and y.
17
Suppose 5*c - 25 = -0*c. What is the highest common divisor of c and 10?
5
Let k(s) = 4*s - 3. Let p be k(-4). Let l be 0 + 0 + -2 - p. What is the greatest common divisor of 187 and l?
17
Let h(c) = 6*c + c**2 + 3*c + 0*c**2 + 9. Let z be h(-8). What is the highest common factor of z and 5?
1
Let y be (-40)/50*5/(-1). Calculate the highest common factor of y and 4.
4
Let k = 159 - 70. Let l be 2 + -2 - (1 - k). Let f = 16 - 8. What is the highest common factor of l and f?
8
Let t = -4 - -6. Suppose -t*f + 4 = -f. Let b be (-7)/(-5) + (-2)/5. What is the highest common factor of f and b?
1
Suppose 0 = -4*q + w + 104, -3*q = -q - 2*w - 58. Calculate the greatest common divisor of 10 and q.
5
Suppose -4*r - 142 + 794 = 0. Suppose 2*o = r + 155. Let k be (3 - 2) + o/3. What is the highest common factor of k and 36?
18
Let w be 56 + (-2 + 3)*-2. Let l = 36 - 30. Calculate the highest common divisor of w and l.
6
Let x = 19 + -38. Let c = -15 - x. Calculate the highest common divisor of 8 and c.
4
Let b = -3 + 7. Suppose -l = 3*o - 10, -9 = -2*o + b*l + 7. Calculate the highest common divisor of o and 8.
4
Suppose s + 4*n = -4*s + 140, s - 34 = -2*n. Calculate the highest common factor of s and 24.
24
Suppose 3*v = 3*o + 15, 4*v = -v - o + 49. Let w be 2/9 + 102/27. Suppose w*i - 226 = i + 5*x, -x = 4*i - 286. Calculate the greatest common divisor of i and v.
9
Suppose 0 = 2*k - 0*k + 8. Let p be (-62)/6 - k/12. Let r be (34/p + 2)*-5. Calculate the greatest common factor of r and 7.
7
Let d(b) = -2*b - 9. Let h be d(-7). Suppose -w + 3*j = -45, 32 - 352 = -h*w - 4*j. What is the greatest common divisor of 15 and w?
15
Let y(t) = t**2 + 9 - 3*t + 0*t**2 - 4*t. Let c(m) = m**3 + 3*m**2 - m + 3. Let s be c(-3). Let b be y(s). What is the greatest common divisor of 24 and b?
3
Suppose 5*a - 32 = -4*i + 17, 3*a + 73 = 4*i. What is the highest common divisor of 16 and i?
16
Let k = -203 - -291. Calculate the greatest common divisor of 22 and k.
22
Let y(b) be the third derivative of b**4/12 + b**3/3 + 3*b**2. Let x be y(2). Let r be (100/x)/((-4)/(-12)). Calculate the highest common divisor of 20 and r.
10
Suppose -n + 5 = -5. Suppose -2*q = 2*q - 440. Suppose -4*y + q = -3*y. Calculate the greatest common divisor of n and y.
10
Let x be (-2)/(-11) + 1530/55. Calculate the greatest common divisor of 42 and x.
14
Suppose 4*k + 3 = 11. Let m(a) be the first derivative of a**4/4 - 2*a**3/3 + a**2 - 2*a - 4. Let l be m(k). Calculate the highest common factor of l and 18.
2
Suppose -5*i + 63 = -87. Calculate the greatest common factor of i and 15.
15
Suppose 0 = 4*n - 14 - 90. What is the highest common factor of n and 65?
13
Let n(q) = q**2 + 4*q + 3. Let j be n(-5). Let c be (2/(-4))/(1/(-24)). Let u = c + -4. What is the greatest common factor of j and u?
8
Let c = -1 - -5. Suppose -5*g = k, c*k = -0*g - 5*g + 60. Suppose -2*y + 123 = 2*n + 3, 5*n - 300 = 3*y. Calculate the highest common divisor of n and k.
20
Suppose -5*u = -0*u - 30. Suppose -s - 55 = -u*s. Calculate the highest common divisor of 55 and s.
11
Suppose -7*g = -9*g + 48. What is the highest common factor of g and 3?
3
Let h(c) = -3*c + 26. Let t be h(6). What is the highest common factor of 40 and t?
8
Let l = -13 + -31. Let a be l*(-5)/((-20)/(-3)). Suppose -3*v - g + 62 = 0, 4 = g - 2*g. Calculate the greatest common divisor of v and a.
11
Let j = 5 - 2. Suppose j*w = -w + 8. Suppose -w*q + 18 = -0*q. Calculate the highest common factor of 63 and q.
9
Let l(w) = -15*w**2 + 2*w - 1. Let n be l(4). Let f = -73 - n. What is the greatest common divisor of 64 and f?
32
Suppose -4*w + 3 = b, b - w - 3 = -0*b. Suppose b*x - 132 = x - 4*k, 4*x - k = 219. Calculate the highest common divisor of 8 and x.
8
Let a = -5 - -1. Let n = -11 - a. Let h(f) = f + 8. Let p be h(n). What is the greatest common divisor of p and 6?
1
Let n(x) = 2*x**3 + 3*x**2 + x + 14. Let w be n(5). What is the greatest common factor of w and 43?
43
Suppose -r = -3*q - 12, -3*q + q + 2 = r. Let f(o) = o**3 - 5*o**2 + o + 2. Let c be f(2). Let m be 90/(-4)*c/6. What is the highest common divisor of m and r?
6
Let k = -26 + 24. Let l be (-182)/(-4) - (-1)/k. Calculate the highest common divisor of 18 and l.
9
Let v(k) = k + 56. Let p be v(0). Let m be ((-10)/(-8))/(3/12). Suppose m*y = 2*y + 24. What is the highest common factor of y and p?
8
Suppose 4*o - 143 = p - 6*p, -137 = -4*o - 3*p. Let b = o - 28. Let u be (-1)/3 + (-194)/(-6). Calculate the greatest common divisor of u and b.
4
Let a(h) = 12*h + 4. Let v be a(3). Let g be v/6 + 5/15. What is the greatest common factor of g and 7?
7
Suppose 2 = 4*p - 10. What is the greatest common divisor of 27 and p?
3
Let p be 1 + 1/(-2)*-4. Suppose 3 = -p*s + 12. Calculate the highest common divisor of 27 and s.
3
Suppose -c - 2*c + 3*h = 30, 2*c - 5*h = -11. Let r = c + 18. What is the greatest common factor of r and 45?
5
Let j(i) = -i**3 + 4. Let m be j(0). Suppose -m*p + 0*p + 308 = 0. Suppose 27 = 3*y + 3*l, -2*y + 4*l = -4 - 2. What is the greatest common divisor of p and y?
7
Let y(j) = 14*j. Let c be y(1). Suppose -n = c - 48. What is the highest common divisor of n and 85?
17
Suppose b + y = 2*y - 4, -y = b - 6. Let j = -14 - -15. Let d be (-2*j)/(b/(-12)). What is the highest common divisor of d and 36?
12
Let x(b) = 3*b. Let u be x(2). Suppose -2*z - 672 = -u*z. Calculate the highest common divisor of z and 21.
21
Let p = 620 + -605. Suppose 0 = 2*t - 0*t - 4*z - 20, -5*z = 25. Suppose 2*o + 2*o - 300 = t. Calculate the greatest common factor of o and p.
15
Let l(u) = u + 1. Let n be l(3). Suppose -19 + 83 = n*h. What is the highest common divisor of h and 176?
16
Let d